prime?
False
Is 63459192901 a composite number?
True
Is 36599852501 composite?
False
Is 951571301 prime?
False
Is 1734209551 composite?
True
Is 332864681 a prime number?
True
Is 188309201 composite?
False
Is 10055307221 a composite number?
False
Is 1422888281 composite?
True
Is 6133071547 prime?
True
Is 274158133 a prime number?
False
Is 1493038577 a composite number?
False
Is 5094301237 a prime number?
True
Is 2256815623 a prime number?
True
Is 2509884977 composite?
True
Is 5069455169 a composite number?
False
Is 12134091511 composite?
False
Is 170124294761 prime?
True
Is 6023290513 composite?
False
Is 1282342151 prime?
True
Is 18347534869 composite?
True
Is 971231449 a prime number?
False
Is 5379556067 a composite number?
False
Is 1373454619 prime?
True
Is 6941178007 composite?
False
Is 2561859407 a composite number?
False
Is 13463724239 a prime number?
False
Is 65864290727 a prime number?
False
Is 571141253 a composite number?
True
Is 232049 prime?
True
Is 97214499251 composite?
False
Is 24729994 prime?
False
Is 13390817053 a prime number?
True
Is 873236857 a composite number?
False
Is 3414783203 prime?
False
Is 50763651391 prime?
True
Is 2783444257 a prime number?
False
Is 114272663 a prime number?
True
Is 18292952555 a composite number?
True
Is 312785299 prime?
False
Is 20395677191 prime?
False
Is 4930345361 prime?
False
Is 3426558614 prime?
False
Is 6936401179 composite?
False
Is 49649779693 prime?
True
Is 1021903799 a prime number?
False
Is 107376434959 a prime number?
False
Is 2797954091 a composite number?
True
Is 3038247647 a prime number?
True
Is 2569102607 a composite number?
False
Is 10493407853 prime?
False
Is 1600925273 prime?
True
Is 36588604751 composite?
False
Is 97301179 prime?
True
Is 18834402989 composite?
False
Is 364944856873 a prime number?
True
Is 1529357374 a composite number?
True
Is 9560524451 composite?
False
Is 184872449 composite?
False
Is 2708937667 composite?
True
Is 42296648539 composite?
True
Is 2963235293 a composite number?
True
Is 1510480681 a composite number?
False
Is 2217122846 prime?
False
Is 2010942883 prime?
True
Is 32603579699 composite?
True
Is 685212391 composite?
True
Is 5415049489 composite?
False
Is 2070191 a prime number?
False
Is 62383415 a composite number?
True
Is 106213529 composite?
True
Is 6074027983 composite?
False
Is 636903851 composite?
False
Is 619449629 a composite number?
False
Is 30631958237 composite?
False
Is 373295249 a composite number?
False
Is 27272911 prime?
True
Is 1741128691 prime?
True
Is 793724231 a prime number?
False
Is 1030030373 prime?
True
Is 784868519 a prime number?
False
Is 10982271869 a prime number?
False
Is 867843467 prime?
True
Is 69368071 a composite number?
True
Is 648107717 a prime number?
True
Is 1244412857 a composite number?
False
Is 6748109737 a prime number?
True
Is 9060173 a prime number?
True
Is 1872732047 composite?
False
Is 18005131121 a prime number?
True
Is 41295340699 composite?
False
Is 1870083613 a prime number?
True
Is 3695948303 prime?
True
Is 4718314519 prime?
True
Is 2384115263 a composite number?
True
Is 416918527 a composite number?
True
Is 294574459 prime?
False
Is 258969473 composite?
True
Is 50019185721 a composite number?
True
Is 84473281 composite?
False
Is 425867441 composite?
False
Is 21493858423 a prime number?
True
Is 3330542833 prime?
True
Is 225256415729 composite?
True
Is 108628238491 prime?
True
Is 59344308431 prime?
False
Is 9066476953 a prime number?
True
Is 181345577339 composite?
True
Is 18404858047 composite?
True
Is 16756899 a prime number?
False
Is 2240731327 prime?
False
Is 1320467243 a composite number?
True
Is 1185958307 a composite number?
False
Is 304526515 a composite number?
True
Is 27112012397 a composite number?
False
Is 130330699 a prime number?
True
Is 27674750923 composite?
False
Is 46884648677 a prime number?
True
Is 1527868969 a prime number?
False
Is 354544121 prime?
True
Is 17354131577 a composite number?
False
Is 24450136229 prime?
False
Is 3065355327 a prime number?
False
Is 1004990149 prime?
False
Is 2105130487 a composite number?
False
Is 7817501017 prime?
False
Is 188016809 a composite number?
False
Is 5429142259 a prime number?
True
Is 18485175283 prime?
True
Is 325755517 composite?
True
Is 300218041 prime?
True
Is 35585118937 composite?
False
Is 330314389 prime?
True
Is 13434411853 a prime number?
True
Is 31126963463 a prime number?
True
Is 956607433 a prime number?
False
Is 1039364047 composite?
False
Is 109136857 a prime number?
True
Is 4425307379 a composite number?
True
Is 281129923 a composite number?
True
Is 19631039053 prime?
False
Is 142224692149 prime?
True
Is 17160244943 composite?
False
Is 9934504903 a composite number?
False
Is 1187872633 a prime number?
True
Is 5857721141 composite?
False
Is 1024964299 a composite number?
False
Is 95783774423 prime?
False
Is 7213937473 a composite number?
False
Is 7209426121 prime?
True
Is 909996601 prime?
True
Is 182189657 a composite number?
True
Is 161491782979 composite?
False
Is 264745751 a composite number?
False
Is 5706440759 composite?
True
Is 19907866543 a composite number?
True
Is 15881393477 prime?
False
Is 5411605873 prime?
True
Is 9796489267 a prime number?
True
Is 22936106153 prime?
False
Is 1509318529 a composite number?
True
Is 15492812437 a prime number?
False
Is 3574415357 a prime number?
False
Is 64164669847 a composite number?
True
Is 47019942341 composite?
False
Is 2408350927 a prime number?
False
Is 11018164019 a composite number?
True
Is 1762274089 a prime number?
True
Is 9106932157 prime?
True
Is 56294043677 composite?
False
Is 16360438457 a composite number?
True
Is 45962551127 prime?
True
Is 181261891523 prime?
True
Is 960242267 prime?
False
Is 205092221 prime?
False
Is 3021210019 a composite number?
False
Is 30951195797 prime?
False
Is 33634405943 a prime number?
False
Is 2599603967 a composite number?
False
Is 2483932519 composite?
True
Is 11367065629 a prime number?
True
Is 37301171 a prime number?
True
Is 2268901249 composite?
True
Is 292592621 a prime number?
False
Is 37583203349 prime?
False
Is 8329225991 a prime number?
True
Is 1337682107 prime?
False
Is 11505243853 composite?
False
Is 4011691793 a prime number?
True
Is 8913124303 a prime number?
True
Is 1059836077 composite?
True
Is 1234262797 a prime number?
True
Is 19922046605 prime?
False
Is 86069856269 composite?
True
Is 15226314923 a prime number?
False
Is 3803679703 a composite number?
True
Is 15588106219 prime?
False
Is 704415001 a composite number?
True
Is 75292088869 composite?
False
Is 8970865109 composite?
False
Is 232812590399 prime?
False
Is 3771249467 a composite number?
False
Is 1675864286 a composite number?
True
Is 80336716121 a prime number?
True
Is 381100609237 a composite number?
True
Is 129913297 composite?
True
Is 713738521 a prime number?
True
Is 16190089 composite?
False
Is 721462109 a prime number?
True
Is 132197214533 prime?
False
Is 80870090969 prime?
False
Is 13848617 composite?
False
Is 183788359 a prime number?
False
Is 501269641 a composite number?
True
Is 69383532763 a composite number?
False
Is 677976773 a prime number?
False
Is 13652576741 composite?
False
Is 2612284537 a composite number?
True
Is 28049104471 prime?
False
Is 3322584311 a prime number?
True
Is 321427417 a composite number?
False
Is 973126303 composite?
True
Is 398981839 a composite number?
False
Is 364911887 a composite number?
False
Is 23816389 a prime number?
False
Is 232022381 composite?
False
Is 2543997829 composite?
True
Is 1218451901 composite?
True
Is 3997685401 composite?
False
Is 293031631 prime?
False
Is 228081697 composite?
True
Is 137849605171 a prime number?
False
Is 791368159 composite?
True
Is 21044080583 composite?
False
Is 3795677927 composite?
False
Is 4830664511 a prime number?
True
Is 178085874671 a composite number?
False
Is 12845025253 composite?
True
Is 520716583 composite?
False
Is 1704371381 a composite number?
False
Is 8626420073 prime?
False
Is 155381005237 a composite number?
False
Is 947635067 a composite number?
True
Is 9117347761 prime?
True
Is 3523176467 composite?
False
Is 2097342733 a composite number?
False
Is 1270891649 a composite number?
False
Is 4802293957 composite?
True
Is 10806318019 a prime number?
False
Is 355193479